0 (base 6) to base 10
-84
What is 0 (base 6) in base 4?
0
What is -6 (base 15) in base 2?
-110
-a (base 13) to base 16
-a
-1001 (base 2) to base 9
-10
What is 5 (base 15) in base 4?
11
What is -8a (base 11) in base 4?
-1202
What is -2 (base 5) in base 4?
-2
What is -12 (base 9) in base 14?
-b
Convert -1c (base 14) to base 11.
-24
Convert -6 (base 7) to base 15.
-6
Convert 0 (base 12) to base 3.
0
Convert 0 (base 2) to base 12.
0
Convert 110 (base 2) to base 8.
6
-3 (base 12) to base 15
-3
What is -100 (base 4) in base 14?
-12
What is 18 (base 13) in base 7?
30
17 (base 11) to base 3
200
Convert 6 (base 13) to base 9.
6
111 (base 2) to base 4
13
Convert 1 (base 10) to base 6.
1
Convert -4 (base 7) to base 16.
-4
What is 12 (base 5) in base 13?
7
What is 20201 (base 3) in base 16?
b5
-1001 (base 2) to base 10
-9
-28 (base 11) to base 14
-22
a0 (base 13) to base 6
334
Convert -5 (base 6) to base 13.
-5
What is -1230 (base 4) in base 14?
-7a
Convert 1 (base 13) to base 4.
1
What is -300 (base 9) in base 8?
-363
What is 122 (base 3) in base 15?
12
10a (base 14) to base 2
11001110
Convert -44 (base 7) to base 6.
-52
35 (base 8) to base 12
25
-4b (base 14) to base 8
-103
What is 33 (base 5) in base 4?
102
What is -2a (base 11) in base 10?
-32
-a1 (base 15) to base 16
-97
3 (base 5) to base 3
10
What is -c (base 14) in base 6?
-20
What is -a1 (base 15) in base 9?
-177
Convert -4 (base 14) to base 15.
-4
1 (base 4) to base 5
1
Convert 11 (base 8) to base 16.
9
Convert -5 (base 10) to base 7.
-5
What is -5 (base 13) in base 5?
-10
Convert -1 (base 16) to base 6.
-1
What is 10 (base 15) in base 8?
17
-2 (base 10) to base 3
-2
What is -160 (base 8) in base 6?
-304
10 (base 12) to base 16
c
2 (base 7) to base 12
2
What is 0 (base 15) in base 12?
0
What is -8 (base 15) in base 14?
-8
216 (base 10) to base 3
22000
Convert -30 (base 15) to base 5.
-140
What is -1 (base 10) in base 14?
-1
What is -3 (base 7) in base 3?
-10
Convert 1022 (base 5) to base 6.
345
What is -3 (base 5) in base 6?
-3
Convert 2 (base 4) to base 10.
2
Convert -31 (base 14) to base 5.
-133
-a (base 11) to base 5
-20
101 (base 4) to base 16
11
Convert 51 (base 12) to base 8.
75
55 (base 11) to base 6
140
-9f (base 16) to base 7
-315
-19 (base 11) to base 14
-16
Convert 1c (base 16) to base 7.
40
-40 (base 12) to base 2
-110000
Convert 13 (base 9) to base 14.
c
Convert 91 (base 10) to base 5.
331
What is -6 (base 9) in base 8?
-6
What is 115 (base 6) in base 8?
57
Convert 6 (base 15) to base 7.
6
3 (base 5) to base 13
3
What is -1 (base 5) in base 9?
-1
What is 3 (base 4) in base 5?
3
Convert -11000 (base 3) to base 12.
-90
2 (base 15) to base 14
2
Convert 0 (base 12) to base 5.
0
What is -6d (base 15) in base 10?
-103
What is -8 (base 13) in base 12?
-8
35 (base 8) to base 6
45
Convert 11 (base 6) to base 14.
7
What is 1 (base 14) in base 9?
1
Convert -11 (base 16) to base 7.
-23
79 (base 12) to base 4
1131
Convert 10 (base 13) to base 11.
12
What is 53 (base 6) in base 9?
36
What is 1 (base 6) in base 10?
1
What is -2 (base 11) in base 5?
-2
-1111100 (base 2) to base 16
-7c
101 (base 6) to base 14
29
Convert 138 (base 10) to base 8.
212
Convert -15 (base 8) to base 2.
-1101
1 (base 13) to base 4
1
Convert -a (base 15) to base 11.
-a
-1011 (base 2) to base 7
-14
Convert -10000 (base 4) to base 7.
-514
What is -7a (base 12) in base 14?
-6a
Convert 11000 (base 2) to base 15.
19
What is 156 (base 9) in base 4?
2010
Convert 0 (base 4) to base 15.
0
Convert 2202 (base 4) to base 11.
138
-1 (base 13) to base 5
-1
5 (base 9) to base 14
5
What is 10 (base 4) in base 14?
4
Convert 42 (base 16) to base 15.
46
Convert -b (base 16) to base 7.
-14
4 (base 5) to base 12
4
5 (base 16) to base 11
5
102 (base 14) to base 11
170
Convert -a (base 13) to base 14.
-a
106 (base 7) to base 5
210
What is -e5 (base 16) in base 9?
-274
1a (base 12) to base 9
24
4 (base 11) to base 13
4
Convert -2e (base 16) to base 6.
-114
-45 (base 10) to base 11
-41
What is -211 (base 7) in base 4?
-1222
What is 23 (base 4) in base 13?
b
Convert -3 (base 16) to base 7.
-3
-12 (base 15) to base 7
-23
1b (base 15) to base 4
122
-3 (base 16) to base 15
-3
Convert -43 (base 14) to base 15.
-3e
What is -6 (base 10) in base 12?
-6
0 (base 9) to base 15
0
What is -110 (base 3) in base 14?
-c
What is 2a (base 16) in base 12?
36
What is -1 (base 13) in base 7?
-1
Convert 1 (base 11) to base 4.
1
What is 2 (base 12) in base 15?
2
Convert 8b (base 13) to base 4.
1303
What is 12212 (base 3) in base 9?
185
What is -1 (base 10) in base 14?
-1
What is 0 (base 8) in base 14?
0
-222 (base 12) to base 4
-10322
Convert -2 (base 8) to base 3.
-2
What is 4 (base 11) in base 14?
4
What is -62 (base 16) in base 2?
-1100010
Convert 141 (base 8) to base 3.
10121
Convert 15 (base 8) to base 14.
d
What is 5 (base 8) in base 10?
5
6 (base 10) to base 13
6
Convert 14 (base 12) to base 7.
22
Convert -10 (base 13) to base 5.
-23
Convert 103 (base 8) to base 9.
74
466 (base 7) to base 14
136
Convert -11 (base 13) to base 14.
-10
What is 2 (base 12) in base 2?
10
Convert 2 (base 4) to base 5.
2
What is 12 (base 7) in base 12?
9
What is -366 (base 9) in base 15?
-153
What is 13 (base 14) in base 3?
122
What is 2 (base 13) in base 9?
2
Convert -2 (base 5) to base 6.
-2
What is -26a (base 11) in base 12?
-226
10 (base 2) to base 8
2
329 (base 10) to base 11
27a
Convert -10 (base 3) to base 6.
-3
What is 2 (base 5) in base 16?
2
-3 (base 15) to base 13
-3
-65 (base 12) to base 10
-77
-4 (base 6) to base 13
-4
Convert -35 (base 8) to base 6.
-45
-30 (base 5) to base 3
-120
Convert 0 (base 3) to base 15.
0
-120 (base 4) to base 2
-11000
Convert 2 (base 7) to base 10.
2
What is 5b (base 16) in base 12?
77
Convert -10 (base 6) to base 14.
-6
What is 282 (base 10) in base 11?
237
What is 1b1 (base 16) in base 9?
531
What is -4 (base 5) in base 3?
-11
What is -68 (base 11) in base 4?
-1022
What is -6 (base 15) in base 9?
-6
Convert -2 (base 8) to base 16.
-2
What is 14 (base 8) in base 16?
c
18 (base 9) to base 2
10001
What is 1 (base 9) in base 2?
1
Convert -3 (base 12) to base 3.
-10
4 (base 10) to base 15
4
What is 23 (base 10) in base 3?
212
What is -1011 (base 3) in base 9?
-34
What is 45 (base 9) in base 7?
56
Convert -3 (base 5) to base 3.
-10
-2 (base 6) to base 13
-2
What is 1 (base 9) in base 10?
1
Convert 44 (base 9) to base 8.
50
What is -19 (base 16) in base 13?
-1c
Convert 4 (base 9) to base 12.
4
Convert -1202 (base 4) to base 9.
-118
-26 (base 9) to base 16
-18
Convert 20 (base 3) to base 2.
110
Convert 2 (base 15) to base 14.
2
11 (base 5) to base 10
6
3 (base 6) to base 16
3
-10110 (base 2) to base 13
-19
What is 1 (base 16) in base 5?
1
-4 (base 7) to base 16
-4
What is -9 (base 11) in base 16?
-9
-144 (base 5) to base 9
-54
What is 0 (base 5) in base 2?
0
Convert -26 (base 8) to base 13.
-19
What is 0 (base 11) in base 13?
0
Convert -1101 (base 2) to base 10.
-13
139 (base 10) to base 3
12011
What is 2 (base 9) in base 2?
10
Convert -67 (base 10) to base 13.
-52
Convert -10 (base 11) to base 16.
-b
Convert -12 (base 10) to base 5.
-22
-4 (base 16) to base 12
-4
What is -11 (base 9) in base 15?
-a
What is 23 (base 4) in base 5?
21
Convert 2 (base 7) to base 3.
2
Convert 2 (base 4) to base 3.
2
What is -1 (base 16) in base 13?
-1
-6 (base 11) to base 12
-6
86 (base 9) to base 6
210
-6d (base 16) to base 13
-85
Convert -34 (base 11) to base 9.
-41
-1 (base 4) to base 6
-1
Convert -33 (base 4) to base 6.
-23
Convert 0 (base 9) to base 11.
0
What is -3 (base 12) in base 2?
-11
What is 1 (base 2) in base 9?
1
What is 13 (base 7) in base 8?
12
What is 2 (base 9) in base 13?
2
Convert -3 (base 6) to base 8.
-3
11 (base 16) to base 11
16
-443 (base 5) to base 13
-96
Convert 12 (base 15) to base 10.
17
What is -41 (base 15) in base 7?
-115
What is -100002 (base 3) in base 2?
-11110101
What is 4 (base 8) in base 3?
11
What is 10211 (base 3) in base 11?
94
Convert 1011000 (base 2) to base 13.
6a
131 (base 6) to base 2
110111
Convert 100 (base 3) to base 10.
9
0 (base 4) to base 2
0
14 (base 11) to base 4
33
-3 (base 5) to base 13
-3
What is 1 (base 14) in base 9?
1
Convert 20 (base 14) to base 4.
130
Convert 425 (base 7) to base 14.
115
-45 (base 9) to base 